{"version":"1.0","provider_name":"Vertigo Motors","provider_url":"https:\/\/www.vertigomotors.com\/es\/","title":"POSITIVO DEBUT VERTIGO EN EL CET 2020 | Vertigo Motors","type":"rich","width":600,"height":338,"html":"<blockquote class=\"wp-embedded-content\" data-secret=\"ckjDNWmPNW\"><a href=\"https:\/\/www.vertigomotors.com\/es\/positivo-debut-vertigo-en-el-cet-2020\/\">POSITIVO DEBUT VERTIGO EN EL CET 2020<\/a><\/blockquote><iframe sandbox=\"allow-scripts\" security=\"restricted\" src=\"https:\/\/www.vertigomotors.com\/es\/positivo-debut-vertigo-en-el-cet-2020\/embed\/#?secret=ckjDNWmPNW\" width=\"600\" height=\"338\" title=\"\u00abPOSITIVO DEBUT VERTIGO EN EL CET 2020\u00bb \u2014 Vertigo Motors\" data-secret=\"ckjDNWmPNW\" frameborder=\"0\" marginwidth=\"0\" marginheight=\"0\" scrolling=\"no\" class=\"wp-embedded-content\"><\/iframe><script type=\"text\/javascript\">\n\/* <![CDATA[ *\/\n\/*! This file is auto-generated *\/\n!function(d,l){\"use strict\";l.querySelector&&d.addEventListener&&\"undefined\"!=typeof URL&&(d.wp=d.wp||{},d.wp.receiveEmbedMessage||(d.wp.receiveEmbedMessage=function(e){var t=e.data;if((t||t.secret||t.message||t.value)&&!\/[^a-zA-Z0-9]\/.test(t.secret)){for(var s,r,n,a=l.querySelectorAll('iframe[data-secret=\"'+t.secret+'\"]'),o=l.querySelectorAll('blockquote[data-secret=\"'+t.secret+'\"]'),c=new RegExp(\"^https?:$\",\"i\"),i=0;i<o.length;i++)o[i].style.display=\"none\";for(i=0;i<a.length;i++)s=a[i],e.source===s.contentWindow&&(s.removeAttribute(\"style\"),\"height\"===t.message?(1e3<(r=parseInt(t.value,10))?r=1e3:~~r<200&&(r=200),s.height=r):\"link\"===t.message&&(r=new URL(s.getAttribute(\"src\")),n=new URL(t.value),c.test(n.protocol))&&n.host===r.host&&l.activeElement===s&&(d.top.location.href=t.value))}},d.addEventListener(\"message\",d.wp.receiveEmbedMessage,!1),l.addEventListener(\"DOMContentLoaded\",function(){for(var e,t,s=l.querySelectorAll(\"iframe.wp-embedded-content\"),r=0;r<s.length;r++)(t=(e=s[r]).getAttribute(\"data-secret\"))||(t=Math.random().toString(36).substring(2,12),e.src+=\"#?secret=\"+t,e.setAttribute(\"data-secret\",t)),e.contentWindow.postMessage({message:\"ready\",secret:t},\"*\")},!1)))}(window,document);\n\/\/# sourceURL=https:\/\/www.vertigomotors.com\/wp-includes\/js\/wp-embed.min.js\n\/* ]]> *\/\n<\/script>\n","thumbnail_url":"https:\/\/www.vertigomotors.com\/wp-content\/uploads\/2020\/02\/berta-1.jpg","thumbnail_width":1500,"thumbnail_height":1000,"description":"Una nutrida representaci\u00f3n de pilotos Vertigo estuvo presente en la primera prueba del Campeonato de Espa\u00f1a de Trial 2020 (CET), celebrada este fin de semana en la localidad leridana de Aitona. Adem\u00e1s de los pilotos Factory Vertigo com son Jaime Busto, Miquel y Aniol Gelabert, Berta Abell\u00e1n y Pau Mart\u00ednez, esta temporada la marca verde [&hellip;]"}

Una nutrida representación de pilotos Vertigo estuvo presente en la primera prueba del Campeonato de España de Trial 2020 (CET), celebrada este fin de semana en la localidad leridana de Aitona. Además de los pilotos Factory Vertigo com son Jaime Busto, Miquel y Aniol Gelabert, Berta Abellán y Pau Martínez, esta temporada la marca verde [&hellip;]
