{"version":"1.0","provider_name":"Vertigo Motors","provider_url":"https:\/\/www.vertigomotors.com\/es\/","title":"NUEVA VERTICAL 2021 | Vertigo Motors","type":"rich","width":600,"height":338,"html":"<blockquote class=\"wp-embedded-content\" data-secret=\"lLZMfVDRB2\"><a href=\"https:\/\/www.vertigomotors.com\/es\/nueva-vertical-2021\/\">NUEVA VERTICAL 2021<\/a><\/blockquote><iframe sandbox=\"allow-scripts\" security=\"restricted\" src=\"https:\/\/www.vertigomotors.com\/es\/nueva-vertical-2021\/embed\/#?secret=lLZMfVDRB2\" width=\"600\" height=\"338\" title=\"\u00abNUEVA VERTICAL 2021\u00bb \u2014 Vertigo Motors\" data-secret=\"lLZMfVDRB2\" frameborder=\"0\" marginwidth=\"0\" marginheight=\"0\" scrolling=\"no\" class=\"wp-embedded-content\"><\/iframe><script type=\"text\/javascript\">\n\/* <![CDATA[ *\/\n\/*! This file is auto-generated *\/\n!function(d,l){\"use strict\";l.querySelector&&d.addEventListener&&\"undefined\"!=typeof URL&&(d.wp=d.wp||{},d.wp.receiveEmbedMessage||(d.wp.receiveEmbedMessage=function(e){var t=e.data;if((t||t.secret||t.message||t.value)&&!\/[^a-zA-Z0-9]\/.test(t.secret)){for(var s,r,n,a=l.querySelectorAll('iframe[data-secret=\"'+t.secret+'\"]'),o=l.querySelectorAll('blockquote[data-secret=\"'+t.secret+'\"]'),c=new RegExp(\"^https?:$\",\"i\"),i=0;i<o.length;i++)o[i].style.display=\"none\";for(i=0;i<a.length;i++)s=a[i],e.source===s.contentWindow&&(s.removeAttribute(\"style\"),\"height\"===t.message?(1e3<(r=parseInt(t.value,10))?r=1e3:~~r<200&&(r=200),s.height=r):\"link\"===t.message&&(r=new URL(s.getAttribute(\"src\")),n=new URL(t.value),c.test(n.protocol))&&n.host===r.host&&l.activeElement===s&&(d.top.location.href=t.value))}},d.addEventListener(\"message\",d.wp.receiveEmbedMessage,!1),l.addEventListener(\"DOMContentLoaded\",function(){for(var e,t,s=l.querySelectorAll(\"iframe.wp-embedded-content\"),r=0;r<s.length;r++)(t=(e=s[r]).getAttribute(\"data-secret\"))||(t=Math.random().toString(36).substring(2,12),e.src+=\"#?secret=\"+t,e.setAttribute(\"data-secret\",t)),e.contentWindow.postMessage({message:\"ready\",secret:t},\"*\")},!1)))}(window,document);\n\/\/# sourceURL=https:\/\/www.vertigomotors.com\/wp-includes\/js\/wp-embed.min.js\n\/* ]]> *\/\n<\/script>\n","thumbnail_url":"https:\/\/www.vertigomotors.com\/wp-content\/uploads\/2020\/08\/2007290043-2048x1365-1.jpg","thumbnail_width":2048,"thumbnail_height":1365,"description":"FOTOS | ESPECIFICACIONES La Vertical se ha erigido a lo largo de las \u00faltimas temporadas como una de las motocicletas m\u00e1s competitivas del mercado. Ya sea en el Campeonato del Mundo de TrialGP como en las pruebas hist\u00f3ricas por excelencia del trial, esta moto ha demostrado una vez tras otra su excepcional rendimiento y capacidad [&hellip;]"}

FOTOS | ESPECIFICACIONES La Vertical se ha erigido a lo largo de las últimas temporadas como una de las motocicletas más competitivas del mercado. Ya sea en el Campeonato del Mundo de TrialGP como en las pruebas históricas por excelencia del trial, esta moto ha demostrado una vez tras otra su excepcional rendimiento y capacidad [&hellip;]
